{"id":1539,"date":"2015-05-29T08:46:03","date_gmt":"2015-05-29T07:46:03","guid":{"rendered":"http:\/\/www.unimath.fr\/?page_id=1539"},"modified":"2022-01-23T09:10:48","modified_gmt":"2022-01-23T08:10:48","slug":"revisions-pour-la-ts","status":"publish","type":"page","link":"http:\/\/www.unimath.fr\/?page_id=1539","title":{"rendered":"Bien d\u00e9marrer la Terminale"},"content":{"rendered":"<p><strong><span style=\"color: #333333;\">Afin de d\u00e9marrer sereinement la sp\u00e9cialit\u00e9 Terminale en maths<\/span><\/strong>, je vous conseille de travailler les points suivants.\u00a0Je vous invite \u00e9galement \u00e0 d\u00e9couvrir l&rsquo;application <a href=\"http:\/\/www.unimath.fr\/?page_id=2635\" target=\"_blank\" rel=\"noopener noreferrer\"><span style=\"color: #d62647;\">revismath.fr<\/span><\/a>, niveau Premi\u00e8re qui vous permettra d&rsquo;acqu\u00e9rir un bon niveau en calcul num\u00e9rique et alg\u00e9brique tout en r\u00e9visant une bonne partie du programme de Premi\u00e8re.<\/p>\n<p><strong><span style=\"color: #d62647;\">Droites <\/span> <\/strong><\/p>\n<ol>\n<li>Rappels de cours et exercices\u00a0:\u00a0<a href=\"http:\/\/www.s431178539.onlinehome.fr\/wordpressnath\/wp-content\/uploads\/2017\/06\/Bien-demarrer-TS-Droites-1.pdf\">ici<\/a><\/li>\n<li>Correction des exercices :\u00a0<a href=\"http:\/\/www.s431178539.onlinehome.fr\/wordpressnath\/wp-content\/uploads\/2017\/06\/Bien-demarrer-TS-Droites-2-Correction.pdf\">ici<\/a><\/li>\n<li>Exercices d&rsquo;entra\u00eenement :<br \/>\n<span style=\"color: #d62647;\"><a href=\"http:\/\/www.unimath.fr\/?p=611\">Lecture graphique une \u00e9quation de droite<\/a><\/span><\/li>\n<\/ol>\n<p><strong><span style=\"color: #d62647;\">Repr\u00e9sentation graphique d&rsquo;une fonction <\/span> <\/strong><\/p>\n<ol>\n<li>Rappels de cours et exercices :\u00a0<a href=\"http:\/\/www.s431178539.onlinehome.fr\/wordpressnath\/wp-content\/uploads\/2017\/06\/Bien-demarrer-TS-Representation-fonction.pdf\">ici<\/a><\/li>\n<li>Correction des exercices :\u00a0<a href=\"http:\/\/www.s431178539.onlinehome.fr\/wordpressnath\/wp-content\/uploads\/2017\/06\/Bien-demarrer-TS-Representation-graphique-fonction-correction.pdf\">ici<\/a><\/li>\n<\/ol>\n<p><strong><span style=\"color: #d62647;\">D\u00e9rivation <\/span> <\/strong><\/p>\n<ol>\n<li>Rappels de cours et exercices :\u00a0<a href=\"http:\/\/www.s431178539.onlinehome.fr\/wordpressnath\/wp-content\/uploads\/2017\/06\/Bien-demarrer-TS-Derivation.pdf\">ici<\/a><\/li>\n<li>Correction des exercices :\u00a0<a href=\"http:\/\/www.s431178539.onlinehome.fr\/wordpressnath\/wp-content\/uploads\/2017\/06\/Bien-demarrer-TS-Derivation-Correction.pdf\">ici<\/a><\/li>\n<li>Exercices d&rsquo;entra\u00eenement :<br \/>\n<a style=\"color: #d62647;\" href=\"http:\/\/www.s431178539.onlinehome.fr\/wordpressnath\/wp-content\/uploads\/2014\/12\/RevisionDerivee-1S-2013.pdf\">Calculs de d\u00e9riv\u00e9es<\/a><\/li>\n<\/ol>\n<p><strong><span style=\"color: #d62647;\">Etude des variations d&rsquo;une fonction <\/span> <\/strong><\/p>\n<ol>\n<li>Rappels de cours et exercices :\u00a0<a href=\"http:\/\/www.s431178539.onlinehome.fr\/wordpressnath\/wp-content\/uploads\/2017\/09\/Bien-demarrer-TS-Variations-Fonctions.pdf\">ici<\/a><\/li>\n<li>Correction des exercices :\u00a0<a href=\"http:\/\/www.s431178539.onlinehome.fr\/wordpressnath\/wp-content\/uploads\/2017\/06\/Bien-demarrer-TS-Variation-Correction.pdf\">ici<\/a><\/li>\n<li>Exercices d&rsquo;entra\u00eenement :<br \/>\n<span style=\"color: #d62647;\"><span style=\"color: #d62647;\"><a href=\"http:\/\/www.s431178539.onlinehome.fr\/wordpressnath\/wp-content\/uploads\/2015\/09\/Derivees-Variation-1S.pdf\">Etude des variations par \u00e9tude de la d\u00e9riv\u00e9e<\/a><\/span><\/span><\/li>\n<\/ol>\n<p><strong><span style=\"color: #d62647;\">\u00c9tude de signe <\/span> <\/strong><\/p>\n<ol>\n<li>Rappels de cours et exercices :\u00a0<a href=\"http:\/\/www.s431178539.onlinehome.fr\/wordpressnath\/wp-content\/uploads\/2017\/06\/Bien-demarrer-TS-Signe.pdf\">ici<\/a><\/li>\n<li>Correction des exercices :\u00a0<a href=\"http:\/\/www.s431178539.onlinehome.fr\/wordpressnath\/wp-content\/uploads\/2017\/06\/Bien-demarrer-TS-Signe-Correction.pdf\">ici<\/a><\/li>\n<\/ol>\n<p><strong><span style=\"color: #d62647;\">Suites <\/span> <\/strong><\/p>\n<ol>\n<li>Rappels de cours et exercices :\u00a0<a href=\"http:\/\/www.s431178539.onlinehome.fr\/wordpressnath\/wp-content\/uploads\/2018\/09\/Bien-demarrer-TS-Suites-1.pdf\">ici<\/a><\/li>\n<li>Correction des exercices :\u00a0<a href=\"http:\/\/www.s431178539.onlinehome.fr\/wordpressnath\/wp-content\/uploads\/2017\/06\/Bien-demarrer-TS-Suites-Correction.pdf\">ici<\/a><\/li>\n<li>Exercices d&rsquo;entra\u00eenement :<br \/>\n<span style=\"color: #d62647;\"><a href=\"http:\/\/www.s431178539.onlinehome.fr\/wordpressnath\/wp-content\/uploads\/2015\/05\/Montrer-suite-arithmetique.pdf\">D\u00e9montrer qu&rsquo;une suite est arithm\u00e9tique<\/a><br \/>\n<\/span><span style=\"color: #d62647;\"><a href=\"http:\/\/www.s431178539.onlinehome.fr\/wordpressnath\/wp-content\/uploads\/2014\/12\/montrer-suite-geometrique.pdf\">D\u00e9montrer qu&rsquo;une suite est g\u00e9om\u00e9trique<\/a><\/span><\/li>\n<\/ol>\n<p><strong><span style=\"color: #d62647;\">Et pour finir : <\/span> <\/strong><br \/>\nUn <a href=\"http:\/\/www.s431178539.onlinehome.fr\/wordpressnath\/wp-content\/uploads\/2015\/06\/Devoir_rentree_TermS.pdf\">sujet<\/a>\u00a0complet et son <a href=\"http:\/\/www.s431178539.onlinehome.fr\/wordpressnath\/wp-content\/uploads\/2015\/06\/Devoir_rentree_TermS_corr.pdf\">corrig\u00e9<\/a><\/p>\n<p>(Auteur : Dominique Bages, Lyc\u00e9e Jean Dupuy \u00e0 Tarbes)<\/p>\n","protected":false},"excerpt":{"rendered":"<p>Afin de d\u00e9marrer sereinement la sp\u00e9cialit\u00e9 Terminale en maths, je vous conseille de travailler les points suivants.\u00a0Je vous invite \u00e9galement \u00e0 d\u00e9couvrir l&rsquo;application revismath.fr, niveau Premi\u00e8re qui vous permettra d&rsquo;acqu\u00e9rir un bon niveau en calcul num\u00e9rique et alg\u00e9brique tout en r\u00e9visant une bonne partie du programme de Premi\u00e8re. Droites Rappels de cours et exercices\u00a0:\u00a0ici Correction [&hellip;]<\/p>\n","protected":false},"author":1,"featured_media":0,"parent":0,"menu_order":0,"comment_status":"closed","ping_status":"closed","template":"","meta":[],"_links":{"self":[{"href":"http:\/\/www.unimath.fr\/index.php?rest_route=\/wp\/v2\/pages\/1539"}],"collection":[{"href":"http:\/\/www.unimath.fr\/index.php?rest_route=\/wp\/v2\/pages"}],"about":[{"href":"http:\/\/www.unimath.fr\/index.php?rest_route=\/wp\/v2\/types\/page"}],"author":[{"embeddable":true,"href":"http:\/\/www.unimath.fr\/index.php?rest_route=\/wp\/v2\/users\/1"}],"replies":[{"embeddable":true,"href":"http:\/\/www.unimath.fr\/index.php?rest_route=%2Fwp%2Fv2%2Fcomments&post=1539"}],"version-history":[{"count":250,"href":"http:\/\/www.unimath.fr\/index.php?rest_route=\/wp\/v2\/pages\/1539\/revisions"}],"predecessor-version":[{"id":4842,"href":"http:\/\/www.unimath.fr\/index.php?rest_route=\/wp\/v2\/pages\/1539\/revisions\/4842"}],"wp:attachment":[{"href":"http:\/\/www.unimath.fr\/index.php?rest_route=%2Fwp%2Fv2%2Fmedia&parent=1539"}],"curies":[{"name":"wp","href":"https:\/\/api.w.org\/{rel}","templated":true}]}}