{"id":2,"date":"2014-06-26T05:25:22","date_gmt":"2014-06-26T05:25:22","guid":{"rendered":"http:\/\/www.s431178539.onlinehome.fr\/wordpressnath\/?page_id=2"},"modified":"2025-07-16T18:02:26","modified_gmt":"2025-07-16T17:02:26","slug":"page-d-exemple","status":"publish","type":"page","link":"http:\/\/www.unimath.fr\/","title":{"rendered":"Accueil"},"content":{"rendered":"<p>Bienvenus,<\/p>\n<p>sur ce site, je vous propose :<\/p>\n<ul>\n<li>les sujets et corrig\u00e9s des DS, Tests ou DM.<\/li>\n<li>des feuilles d&rsquo;exercices d&rsquo;entrainement<\/li>\n<li>des exercices interactifs<\/li>\n<li>des r\u00e9visions d&rsquo;\u00e9t\u00e9 pour bien d\u00e9marrer votre ann\u00e9e scolaire (Seconde, Premi\u00e8re, Terminale et Pr\u00e9pa)<\/li>\n<\/ul>\n<p>Je vous invite \u00e9galement \u00e0 tester notre application <a href=\"http:\/\/www.unimath.fr\/?page_id=2635\" target=\"_blank\" rel=\"noopener\">revismath.fr<\/a>, destin\u00e9 \u00e0 tous les lyc\u00e9ens, principalement acc\u00e8s sur la pratique mentale du calcul num\u00e9rique et alg\u00e9brique.<\/p>\n<p>Bon travail,<\/p>\n<p>Nathalie Arnaud (Lyc\u00e9e Th\u00e9ophile Gautier \u00e0 Tarbes)<\/p>\n<p><a href=\"mailto:nathalie.arnaud@ac-toulouse.fr\">Me contacter<\/a><\/p>\n","protected":false},"excerpt":{"rendered":"<p>Bienvenus, sur ce site, je vous propose : les sujets et corrig\u00e9s des DS, Tests ou DM. des feuilles d&rsquo;exercices d&rsquo;entrainement des exercices interactifs des r\u00e9visions d&rsquo;\u00e9t\u00e9 pour bien d\u00e9marrer votre ann\u00e9e scolaire (Seconde, Premi\u00e8re, Terminale et Pr\u00e9pa) Je vous invite \u00e9galement \u00e0 tester notre application revismath.fr, destin\u00e9 \u00e0 tous les lyc\u00e9ens, principalement acc\u00e8s sur [&hellip;]<\/p>\n","protected":false},"author":1,"featured_media":0,"parent":0,"menu_order":0,"comment_status":"closed","ping_status":"open","template":"","meta":[],"_links":{"self":[{"href":"http:\/\/www.unimath.fr\/index.php?rest_route=\/wp\/v2\/pages\/2"}],"collection":[{"href":"http:\/\/www.unimath.fr\/index.php?rest_route=\/wp\/v2\/pages"}],"about":[{"href":"http:\/\/www.unimath.fr\/index.php?rest_route=\/wp\/v2\/types\/page"}],"author":[{"embeddable":true,"href":"http:\/\/www.unimath.fr\/index.php?rest_route=\/wp\/v2\/users\/1"}],"replies":[{"embeddable":true,"href":"http:\/\/www.unimath.fr\/index.php?rest_route=%2Fwp%2Fv2%2Fcomments&post=2"}],"version-history":[{"count":20,"href":"http:\/\/www.unimath.fr\/index.php?rest_route=\/wp\/v2\/pages\/2\/revisions"}],"predecessor-version":[{"id":5548,"href":"http:\/\/www.unimath.fr\/index.php?rest_route=\/wp\/v2\/pages\/2\/revisions\/5548"}],"wp:attachment":[{"href":"http:\/\/www.unimath.fr\/index.php?rest_route=%2Fwp%2Fv2%2Fmedia&parent=2"}],"curies":[{"name":"wp","href":"https:\/\/api.w.org\/{rel}","templated":true}]}}